p**2 - 10*p - 2. Suppose 3*q + 33 = -3*o, 5*q = 4 - 24. Give i(o).
19
Let q be -2*(-2)/(-4) - -3. Let h(v) = 15*v**2 - 15*v + 4. Let p(r) = -3*r**2 + 3*r - 1. Let u(l) = 2*h(l) + 11*p(l). Give u(q).
-9
Let x = 1 - -5. Let o(l) = 2*l - 11. Let p be o(x). Let j(t) = 9*t. Give j(p).
9
Let z(q) = q**3 + q**2 + 2*q**3 - 2*q**3 - 5*q**2. Calculate z(4).
0
Let i = 33 + -17. Let l(a) = a - i + 4 + 7. Give l(5).
0
Let p(m) = m**2 - 6*m + 1 - m - m**3 + 4*m + 4*m. Let j = -2 + 1. Let t = 3 + j. Determine p(t).
-1
Let w(f) = 4*f. Let u be 2 + 4 + -1 + 0. Let j = 6 - u. Give w(j).
4
Let b(o) = 5*o - 3*o**3 + 6 + 2*o**3 + 0 + 5*o**2. Give b(6).
0
Let k(b) be the second derivative of b**4/12 - b**3/6 - b**2/2 - 2*b. Let w be ((-1)/(-3))/(2/12). Determine k(w).
1
Let q = 4 - 4. Suppose q*b = -b. Let z(f) = 3 - f - f + f - f**3. What is z(b)?
3
Let j(o) be the third derivative of o**4/24 + 2*o**3/3 - 14*o**2. Calculate j(-10).
-6
Let l(r) = -9*r**3 - 2*r**2 + 9*r + 15. Let z(f) = 4*f**3 + f**2 - 4*f - 7. Let c be -1*2/4*6. Let x(a) = c*l(a) - 7*z(a). Determine x(0).
4
Let f be ((-8)/6)/((-10)/15). Let m(s) be the first derivative of 3 - 2*s - 3 - s**f - 1. Determine m(3).
-8
Let h(n) be the second derivative of -n**5/60 + n**4/6 - n**3/3 + n. Let z(l) be the second derivative of h(l). Determine z(5).
-6
Let y be (-4)/(-8)*(-1 + -21). Let m = -9 - y. Let o(r) = -r + 1. What is o(m)?
-1
Let z(y) be the third derivative of -1/120*y**5 + 0*y - y**2 - 1/3*y**3 + 0*y**4 - 1/72*y**6 + 0. Let w(b) be the first derivative of z(b). Determine w(-1).
-4
Let c(x) = 3*x + 1 - 4*x**2 + 2*x**2 + x**2. Let p = 18 + -14. Determine c(p).
-3
Let k(q) be the first derivative of -3*q**2 + 11. Suppose -2*r + 3*y = -5 - 8, -y - 5 = 0. Give k(r).
6
Suppose -19 = -4*u - 3. Suppose u*i - 16 = -i - 2*p, 2*i = -5*p + 19. Let w(s) = s**3 - 2*s - 3*s**2 + 4*s - s. Give w(i).
-2
Let s(a) = -a - 7. Let w be 9/6 - (-1)/2. Suppose 2*v + 2*l = w, -3*l = -4*v + 3*v - 3. Suppose i - 3*i = v. Calculate s(i).
-7
Let t(y) = 13*y**3 + 11*y**2 - 11*y - 4. Let w(d) = -6*d**3 - 5*d**2 + 5*d + 2. Let x(p) = -4*t(p) - 9*w(p). Determine x(-2).
-12
Let y(a) = 9 + 16*a - 14 - 17*a. Give y(-7).
2
Suppose 2 = -3*b + 14. Let d(k) be the third derivative of 0 - 1/12*k**4 + 1/120*k**6 + 0*k - k**2 - 1/20*k**5 - 5/6*k**3. What is d(b)?
3
Let h(r) = r**2 + 1 - 1 - 6 - 3*r + 5. Suppose 7 = f - 0*p + p, -2*p = -10. Give h(f).
-3
Let j(t) be the third derivative of 0*t + 3*t**2 + 1/24*t**4 - 7/6*t**3 + 0. Let c be j(3). Let v(r) = -r**2 - 5*r - 2. Calculate v(c).
2
Let v(n) = 2*n - 17. Let b(g) = g - 6. Let l(i) = 8*b(i) - 3*v(i). Suppose 8 = -4*h - 5*u, 3*h = 6*h - u + 6. Let p be ((-8)/(-6))/(h/3). What is l(p)?
-1
Let t(x) = -x**3 + 5*x**2 - 2*x + 7. Let r = 9 - 4. Give t(r).
-3
Let d(t) be the third derivative of 0 - 7/6*t**3 + 5*t**2 + 1/24*t**4 + 0*t. What is d(6)?
-1
Let u(j) = 23 - 22 + 4*j + 0*j. Let h(c) = 3*c + 5 + 2*c**2 - 3*c**2 + c**3 - 4*c**2. Let p be h(4). What is u(p)?
5
Let r(s) be the first derivative of s**4/4 - 4*s**3/3 - 3*s - 26. What is r(3)?
-12
Let l be -2 - 24/(-6 + 3). Suppose s + 6*n - 2 = n, 0 = -3*s + 5*n + l. Let y(o) = 2*o**2 - 4*o + 2. Calculate y(s).
2
Suppose -n - 2*x = -4*n + 23, n - 3*x = 17. Let s(j) = j**3 - 4*j**2 - 7*j + 1. Give s(n).
-9
Let f = 23 + -34. Let b(z) = 5*z**3 + 12*z**2 - 7*z + 11. Let y(t) = -9*t**3 - 23*t**2 + 13*t - 21. Let n(g) = f*b(g) - 6*y(g). Give n(6).
-1
Let r = 27 + -26. Let g(x) = -3*x + 1. Let i(m) = m. Let w(v) = r*g(v) + 2*i(v). Give w(3).
-2
Let n(l) = -l**2 + 5*l - 9. Let w be n(4). Let x(p) = -p**2 - 5*p + 6. Calculate x(w).
6
Let p(m) = 8*m**2 - 1. Let y = 38 - 37. Give p(y).
7
Let u(j) be the third derivative of -j**6/120 - j**5/20 + j**4/12 - j**3/3 - 20*j**2. What is u(-3)?
-8
Suppose -5*q = 2*o - 4*o, -5*q = -5*o. Let r(y) = -y + 8. What is r(o)?
8
Suppose 5*x + 10 = -0. Let r(y) = 15*y + 2 + y**2 - 1 - 16*y. Give r(x).
7
Suppose 23 = g - 0*g + 4*w, -5*w + 10 = -5*g. Let m(f) = -f**3 + 4*f**3 - 2*f**g + 8*f + 8 + 7*f**2. Calculate m(-6).
-4
Let h(t) = 17*t**2 + t. Suppose 0 = -0*i + 3*i - 4*l + 19, i = l - 5. What is h(i)?
16
Let j(n) = -2*n - n**2 + 581 - 584 + 0*n**2. Give j(-3).
-6
Let w(r) = 7*r**2 + 2 - 3 + 2. Let m = -34 + 33. Determine w(m).
8
Let i(u) be the second derivative of -u**3/2 - u**2/2 - 11*u. Give i(1).
-4
Suppose -5*u + 8 = -2*n, 4*n - 3*u + 2 = -0*n. Let h(w) = -7*w**3 + w**2 - 1. What is h(n)?
-7
Let w be 1 - 7/1*-1. Suppose -w = -x - x. Let u(r) = 0*r - 4*r + 4 + x*r**2 + r**3 - 7 + 3*r. Give u(-3).
9
Let v(h) be the second derivative of h**5/20 + 3*h**4/4 - h**3/3 - 13*h**2/2 + 9*h. What is v(-9)?
5
Suppose -8 = -3*j - 11. Let g(b) = -3*b**3 + b**2 + b. Give g(j).
3
Let u(y) = -y**3 + y**2 - y. Let j = 26 - 18. Let r = 8 - j. Give u(r).
0
Let k(d) be the third derivative of -d**4/24 - 7*d**3/3 - 4*d**2. Determine k(-10).
-4
Let s(c) be the first derivative of c**4/4 - 3*c**3 - 9*c**2/2 + 9*c + 16. Determine s(10).
19
Let t(g) = -g**2 + 6*g + 6. Let s(p) = -p**2 - 16*p + 8. Let y be s(-15). Let o = y + -17. Give t(o).
6
Let n(r) = -2*r**2 + r**3 + 4 + 0*r**2 - 2 - 2*r + 0. Calculate n(2).
-2
Let h(x) be the first derivative of -2 - 3*x + 1/2*x**2. Give h(6).
3
Let f = -74 - -75. Let s(k) = k**2 - k + 1. Calculate s(f).
1
Suppose 8 = 6*j - 2*j. Let l(a) = -j*a + 2*a + 0 + 5 + a. Determine l(0).
5
Let u be (-240)/(-110) + 4/(-22). Let r(i) = -i**u - i - 1 + 7*i**2 + 7*i**2 - 4*i**2. What is r(-1)?
9
Let n = -8 - -5. Let t(i) = -2*i + 8. Let z(b) = -b + 1. Let f(v) = -t(v) + 4*z(v). What is f(n)?
2
Let t(s) = 6*s + 4 - s**2 - 11*s + 5*s. Give t(0).
4
Let x(g) be the first derivative of -g**3/3 + 3*g**2/2 - 3*g - 4. Calculate x(3).
-3
Let g(w) be the first derivative of -3 - w - 3*w**2 + 1/3*w**3. Calculate g(5).
-6
Let c(b) = -8 - 6*b**2 + 34*b + 0*b**2 - b**3 + 24*b - 51*b. What is c(-7)?
-8
Let b(x) = -x - 13 - 12*x + 7*x + 7*x. Give b(0).
-13
Let o = -19 - -19. Let a(g) = g**3 - g**2 - g + 1. Calculate a(o).
1
Let k = -35 + 33. Let w(r) = r**2 + r - 1. What is w(k)?
1
Let u(l) = -l - 1. Let m(f) = 6*f + 10. Let h(j) = -m(j) - 4*u(j). Let c be 5*(-1 - 0)*1. Give h(c).
4
Let q(s) = -3*s**3 - 5*s**2 + 8*s + 7. Let k(w) = 2*w**3 + 2*w**2 - 4*w - 4. Suppose -6 = -5*c + 3*c. Let z(v) = c*q(v) + 5*k(v). Determine z(3).
-5
Let d(i) be the second derivative of i**5/20 + i**4/3 + i**3/3 + i**2/2 - i. Suppose r - 5 = z - 1, -4*r + z + 19 = 0. Suppose 0 = -2*p - 1 - r. Calculate d(p).
4
Let b be (-4 - (0 - 5)) + 0. Let u(d) = -4 - 6 + b + 10 - 2*d. Give u(4).
-7
Let a(n) = -n**3 + 3*n**2 + n - 2. Let m(f) = f - 2. Let x be m(7). Suppose 0 = x*g - 11 - 9. Suppose 0 = -s - g*s + 10. Determine a(s).
4
Suppose -5*v = -5*g - 22 + 7, -3 = -5*v - g. Let w(m) = 9*m**3 - v - 5*m - 3*m + 10*m. Give w(1).
10
Let u(g) = g**3 + 3*g**2 + 2*g + 1. Let j be 2 + (2 - (1 + -1)). Suppose 0*p - j = -2*p. Suppose -3*r - p*r - 5 = 0. What is u(r)?
1
Let a be 4/14 + (-78)/(-21). Let m(g) = a*g - 3*g - 2*g + 6. Give m(5).
1
Suppose 2 = -c + 4. Let v = c - 2. Let g(w) = 5*w**2 + 7*w + 2. Let n(h) = 14*h**2 + 20*h + 5. Let m(o) = 17*g(o) - 6*n(o). Determine m(v).
4
Let r be 1/(2*(-2)/(-8)). Let n(u) = -2*u**2 + 0*u**r + 3 - 2. Let q = -6 + 4. Determine n(q).
-7
Let z(u) be the first derivative of u**3/3 - 5*u - 1. Let g(c) = 2*c**2 - c - 6. Let t(x) = 2*g(x) - 3*z(x). Suppose 6*r - 8 = 2*r. What is t(r)?
3
Let l(f) = -3 - 1 - f - 1 - f. What is l(-6)?
7
Let f = 35 + -30. Let m(z) = z - 8. Determine m(f).
-3
Let c(s) = -s + 0*s - s - 2. Let w be (-12)/(-2) + 14/(-7). Suppose d - w*q + 2 = 0, 3*d + 3 = 3*q - 3. What is c(d)?
2
Let z(s) = -s - 16. Let w be z(-13). Let j(r) = 4*r + 1. What is j(w)?
-11
Let n(i) = 2*i**2 + 7*i - 6. Let o(c) = -3*c**2 - 7*c + 7. Let u(t) = -4*n(t) - 3*o(t). Let q = 8 - 2. What is u(q)?
-3
Suppose 0 = -3*b + 10*b - 14. Let a(t) be the first derivative of 5/2*t**b - t + 1/4*t**4 - 3 + 2*t**3. What is a(-5)?
-1
Let s be (-8)/36 + (-274)/(-18). Suppose -2*m - 2*m - s = 5*h, 21 = -4*h - 5*m. Let c(k) = 9*k**3 + k**2 - 2*k + 1. Give c(h).
9
Let o(q) = -2*q**3 + 4*q**2 + 4*q + 2. Let d(a) = 5*a**3 - 12*a**2 - 12*a - 5. Let p(r) = 3*d(r) + 8*o(r). Give p(-3).
4
Let w(n) be the first derivative of n**2/2 - 7*n + 6. Let o(a) = -a**3